 8*y - 6. Give r(f).
6
Let s(l) = 2*l - 1. Let u be s(0). Let y(j) = 10*j**3 + 2*j**2 + j. Determine y(u).
-9
Suppose 25 = 2*t - 1. Let z(c) = -c**2 + 12*c + 17. Let u be z(t). Let d(p) = p - 1. Calculate d(u).
3
Let n(c) = c - 8. Let f be n(3). Let d(k) = -k**2 - 6*k - 5. Determine d(f).
0
Let v be 1*(-4)/(-12) - (-1)/(-3). Let q(a) = a - 11. What is q(v)?
-11
Let d(h) = 20*h**2 - 32*h + 3. Let i(f) = -7*f**2 + 11*f - 1. Let g(q) = -6*d(q) - 17*i(q). Determine g(2).
5
Suppose 4*u = -25 - 55. Let s be 2/(-2)*u/4. Let w(j) = -j - 2. What is w(s)?
-7
Let s be 7/(245/(-15))*-7. Let t(x) be the second derivative of -1/12*x**4 - 1/6*x**s + 5*x**2 + 0 - x. Give t(0).
10
Let a(d) = 6*d**3 + 5*d**2 - 4*d - 5. Let k(f) = f**3 - f. Let s(w) = a(w) - 5*k(w). Let x = -2 - 2. Determine s(x).
7
Let n(t) = 6*t - 3. Let y(o) = o - 1. Let j(z) = -n(z) + 4*y(z). Let m = 5 - 3. Determine j(m).
-5
Let f = -9 - -4. Let j(y) = 5 + 4*y**2 - 3*y**2 + 5*y - 11. Give j(f).
-6
Let t(g) = g - 7. Let s(a) = 2*a - 15. Let n(f) = -2*s(f) + 5*t(f). Let d be n(8). Let m(z) = 2*z + 6 + d - 4 + 0. Determine m(-4).
-3
Let j(z) = z**2. Let w be j(2). Suppose 0 = -w*v + 4. Let d be (-38)/(-8) - v/(-4). Let l(c) = c + 4. Give l(d).
9
Suppose 4*n = 8*n - 56. Let a = n + -4. Suppose b - a = 3*o, 0*o + 2*o + 8 = b. Let w(c) = -c**3 + 3*c**2 + 2*c + 3. Determine w(b).
-5
Let m(h) = h**3 - 2*h**2 - h. Suppose -4*t - v = -26, -10 = -0*t - t - 2*v. Suppose -8 = -g - t. Give m(g).
-2
Let w(z) be the first derivative of -z**7/840 + 7*z**6/360 - z**5/24 - 5*z**4/24 - z**3/3 + 1. Let g(t) be the third derivative of w(t). Calculate g(6).
1
Let v(s) = -s**3 - 3*s**2 - 2*s - 1. Let d(a) = -2*a**2 - 3. Suppose 0 = i - 4*i. Let o be d(i). Calculate v(o).
5
Let d = -19 - -21. Let p(o) = 7 + o**d + 0 - 4*o - 2*o**2 + 0*o**2. Give p(-5).
2
Let b(x) = -x**3 + 4*x**2 - 2*x - 2. Let g be b(2). Let v = g - 2. Let d(n) = n + 5. Determine d(v).
5
Suppose 2*b = -4*w - b - 14, 0 = -2*w - 5*b - 14. Let r = w - -6. Let o(j) = j**3 - 4*j**2 + j - 1. Calculate o(r).
3
Let z(d) = d. Suppose 0 = -f - f + 6. Let j be z(f). Let a(q) = -5*q + 1 + j*q**2 + 2 - q**2. What is a(3)?
6
Suppose -2*r = -2*p + 20, -2*r + 5 = 5*p + 2*r. Let b(y) = y - 5*y + y**2 + 5 + 5 - 5. Determine b(p).
10
Let x(s) = s**2 - 8*s + 10. Let z be x(7). Let g be ((-2)/(-4))/(z/24). Let b(o) = 10 - g + o + 10*o + o**2 - 5*o. Give b(-5).
1
Let t(v) be the third derivative of -v**5/30 + v**4/12 + v**3/6 + 4*v**2. Calculate t(-3).
-23
Let g(u) = 0*u - 5*u - u**2 + 3 + 4 + 1. What is g(-6)?
2
Let t(h) = 1. Let c(x) = -2*x. Let i(s) = -c(s) + 4*t(s). What is i(-3)?
-2
Suppose -d + 3 = -2*d. Let f be -3 + 3 - 0 - d. Let h(p) = 2*p**2 - 3*p - 3. Determine h(f).
6
Let y(a) = -3*a**3 + 5*a**2 + a - 2. Let j be y(2). Let g(f) = -f**2 - 6*f - 3. Give g(j).
5
Let s be -3 + 20*(-5)/(-10) + -3. Let n(j) be the first derivative of 3*j**2/2 - 3*j - 1. Determine n(s).
9
Let j be (6/9)/(4/48). Let w(z) = 0 + j*z - 7*z - 1. Calculate w(6).
5
Let i(u) = -u - 1. Let s(m) = 3*m + 19. Let c(j) = 4*i(j) + s(j). Let l be c(14). Let v(b) = -3*b**2 - b. Calculate v(l).
-4
Let n(h) = -h**3 - 7*h + 9. Let k(q) = -q**3 - 4*q + 5. Let d(t) = 7*k(t) - 4*n(t). Let v = 2 + -3. Calculate d(v).
2
Let z(l) = -4*l + 15. Let a be z(5). Let h(k) = 13*k**2 + 24*k - 4. Let n(p) = -3*p**2 - 6*p + 1. Let v(o) = 2*h(o) + 9*n(o). Calculate v(a).
6
Let u = 21 + -29. Let i(p) = -p**2 - 8*p + 1. What is i(u)?
1
Let t = -8 + 8. Let h(x) be the third derivative of 1/60*x**5 + 0 + t*x**4 + x**2 + 0*x - 1/3*x**3. Determine h(2).
2
Let d(s) be the second derivative of -s**5/120 - s**4/4 - 5*s**3/6 - 7*s. Let b(p) be the second derivative of d(p). Give b(-6).
0
Let v = 6 - 16. Let x = v + 7. Let r(m) be the third derivative of -m**5/60 - 7*m**4/24 - m**3/2 - 5*m**2. Give r(x).
9
Suppose 4*w = -6 + 26. Suppose m - 2*a = -3*m + 10, -w*m + 7 = 3*a. Let k(u) = -1 - 4 + 4 + 0*u + 4*u. Give k(m).
7
Let k(m) be the third derivative of m**6/120 + m**5/12 + m**4/6 + m**3/3 - m**2. Give k(-5).
-18
Suppose 5*g + 8 - 38 = 0. Let m(f) = 3 + g*f + 2*f**2 - 2 - f**2 - 2. Calculate m(-5).
-6
Let u be (3 - -5)*(-2)/(-8). Let a(t) = 13*t**3 - 28*t**2 + 32*t - 28. Let b(i) = 3*i**3 - 7*i**2 + 8*i - 7. Let j(m) = u*a(m) - 9*b(m). Determine j(6).
-5
Suppose 3*o - 10 = -1. Let h(m) = 7*m + 0 - 9*m**2 + 6*m**2 + 5 - 2*m**2 - m**o. Determine h(-6).
-1
Let j(t) = t**3 - t**2 + t - 1. Let k be j(1). Suppose 2 = 3*g - 2*x, k = -g + 2*x - 6. Let d(a) = 3 + 3*a + g - 1 + a**2. Determine d(-4).
10
Let x(m) = -2*m + 2. Suppose -15*a - 60 = -25*a. Give x(a).
-10
Let t(z) = -z**2 - 5*z + 1. Let a(d) = -2*d - 5*d + 2*d**2 - d**2. Let o be a(6). What is t(o)?
-5
Let o(w) = 5*w**3 - 2*w**2 - 3*w - 3. Let h(r) = -r**2 + 9*r - 1. Let j be h(8). Let b(m) = -9*m**3 + 3*m**2 + 5*m + 5. Let z(a) = j*o(a) + 4*b(a). Give z(-2).
1
Let l(q) = -5*q**2 - 6*q - 6. Let b(h) = -4*h**2 - 5*h - 6. Let s(u) = -6*b(u) + 5*l(u). Suppose 2*x + 2*x + 2*d = 0, 4*d = -5*x. Determine s(x).
6
Let v(n) = 1 + 4 - 4. Let g(w) = 5*w + 1 - 3*w - w. Let b(r) = g(r) - 4*v(r). Give b(3).
0
Let l(s) = s**3 - 9*s**2 + 6*s + 6. Let b be (-4)/10 - 588/(-70). What is l(b)?
-10
Let i(x) = -x + 2. Let d(p) = p**3 - 4*p**2 + 7*p - 8. Let v(f) = d(f) + 6*i(f). Suppose -2*t = -5*t + 9. What is v(t)?
-2
Let p(x) be the third derivative of -x**9/60480 + x**8/3360 - x**7/1260 + x**5/30 - 2*x**2. Let f(c) be the third derivative of p(c). Give f(5).
5
Let m(z) = -15*z**3 + z**2 + z. Let o be m(-1). Suppose -2*u - 3*u + o = 0. Let q be -2 - -5 - (2 - u). Let i(f) = -2*f**2 + 6*f - 2. Calculate i(q).
-10
Let v = 4 - 1. Suppose -v*n - 2*m - 3*m = 11, m = 4*n - 16. Let h(g) = -g**2 + 2*g - 4. Calculate h(n).
-7
Let x(v) be the first derivative of v**4/4 + 2*v**3/3 - 2*v**2 - 4*v + 6. Give x(-3).
-1
Let o(w) = -4 - 23*w + 3 + 0 + w**3 - 4*w**2 + 25*w. What is o(3)?
-4
Let q(u) = 2*u + 1 + 6 + u**2 - 2. What is q(-4)?
13
Let b(q) = 8*q - 1. Let u(p) = p - 8. Let c be u(10). Suppose r = c*r + 1. Give b(r).
-9
Let q be (-1 + 0)/(1/(-2)). Let p(k) = -3*k + 3. What is p(q)?
-3
Let k(c) be the third derivative of -c**6/120 + c**5/60 + 7*c**3/6 + c**2. Give k(0).
7
Let v = -4 + 4. Suppose -y + v*y + 5 = 0. Let c be (y - 1)*(-10)/8. Let w(z) = -z**2 - 4*z + 4. Give w(c).
-1
Suppose d = 2 + 3. Let p(w) = 2 + 5*w**2 - d + w**3 + 0*w**2 + 3*w. Let k(j) = j**2 - 7*j + 7. Let t be k(5). Calculate p(t).
6
Let y(u) = -u. Let s be y(7). Let b(o) = 7*o + 1. Let v(k) = -8*k - 2. Let i(l) = s*b(l) - 6*v(l). Determine i(5).
0
Let w(x) be the third derivative of -x**6/120 + x**5/12 + 7*x**4/24 + x**3/6 + 22*x**2. Suppose 0 = -3*q + 8 + 10. Give w(q).
7
Let a(d) be the third derivative of d**4/12 + d**3/6 + 20*d**2. What is a(-2)?
-3
Let t = -33 + 41. Let l(p) = p - 7. What is l(t)?
1
Let y(q) = -3 - 6*q + 2*q**2 - 3*q**2 + 2*q. Give y(-3).
0
Let t = -1 + 1. Suppose t = -0*z - 4*z. Let m(k) = -k**2 + 2. Calculate m(z).
2
Let f(z) = -z**2 - 7*z - 7. Let i = -3 + 3. Let s = 2 + i. Suppose -s*l - 12 = 4*t - 0*l, 5*t = 5*l - 45. What is f(t)?
3
Let q(a) = 0*a + 10 + a - 3*a - 2. Determine q(6).
-4
Let k = 1753/6 - 291. Let s(t) be the third derivative of 1/6*t**4 + 0*t + 1/60*t**5 + 0 - k*t**3 + 2*t**2. Calculate s(-6).
5
Let w(k) = 3*k + 8. Let j be w(-4). Let v(y) = 4 + y - 5 + 3 + 5. Calculate v(j).
3
Suppose 7 - 3 = 2*l. Let h(v) = -49 + 47 - l*v**2 + 2*v - v**3 + 3*v - 2*v. Determine h(-3).
-2
Let p(i) be the first derivative of -13*i**3/3 + i**2/2 - 26. Determine p(-1).
-14
Suppose -o - 4*n + 14 = 0, -3 = o - 2*n + 1. Let y(u) = 2*u**3 - 3*u**2 + u. Give y(o).
6
Let m be (6/24 - (-39)/(-12))*-1. Let o(v) = -2 - 3*v + 6*v + 5. Calculate o(m).
12
Let i(u) be the first derivative of u**2/2 + 12. Give i(-5).
-5
Let m(d) = 4*d + 24 + 5*d - 29. Let i(c) = 2*c + 4. Let u be i(-4). Let f(x) = -x + 1. Let h(z) = u*f(z) - m(z). What is h(1)?
-4
Let b(p) = -p**2 + p + 3. Let h be b(0). Let q(j) = -6*j**3 + 4*j**2 - 4*j - j + 4*j**h + 2 + 2*j. Determine q(2).
-4
Let p(a) = -9*a**2 + 9*a + 0*a**3 + a**3 - 4*a + 4*a - 9. Let r be p(8). Let n(s) = 8*s + 1. What is n(r)?
-7
Let y(n) = n**2 + 8*n + 10. Let d be y(-7). Suppose d*m + 0*m = -6. Let q(s) = -6*s - 2. Let u(g) = 13*g + 5. Let c(o) = 7*q(o) + 3*u(o). Give c(